 remainder when 36211 is divided by 643.
203
Calculate the remainder when 111684190 is divided by 21.
16
What is the remainder when 10114235 is divided by 778016?
27
Calculate the remainder when 2732614 is divided by 309.
127
What is the remainder when 391807 is divided by 635?
12
Calculate the remainder when 10481430 is divided by 3493806.
12
Calculate the remainder when 8676307 is divided by 53.
48
Calculate the remainder when 849498909 is divided by 109.
106
Calculate the remainder when 324747783 is divided by 44.
19
What is the remainder when 223702341 is divided by 10653?
10647
Calculate the remainder when 201329 is divided by 33554.
5
What is the remainder when 2794162 is divided by 3450?
3112
Calculate the remainder when 3011834 is divided by 908.
906
What is the remainder when 136394943 is divided by 39?
9
Calculate the remainder when 23648660 is divided by 1970716.
68
Calculate the remainder when 147488636 is divided by 6240.
6236
What is the remainder when 21026 is divided by 4182?
116
What is the remainder when 5200133 is divided by 650016?
5
Calculate the remainder when 453355 is divided by 64587.
1246
What is the remainder when 251208 is divided by 214?
186
Calculate the remainder when 6329060 is divided by 197780.
100
What is the remainder when 3692999 is divided by 738591?
44
Calculate the remainder when 11405221 is divided by 35.
16
What is the remainder when 1137097 is divided by 509?
500
Calculate the remainder when 1610600 is divided by 53.
36
Calculate the remainder when 2124437 is divided by 674.
663
What is the remainder when 4342873 is divided by 206803?
10
What is the remainder when 365863 is divided by 40646?
49
What is the remainder when 482784 is divided by 20968?
520
Calculate the remainder when 5982029 is divided by 153384.
53
What is the remainder when 27350469 is divided by 230?
19
What is the remainder when 1594693 is divided by 1278?
1027
What is the remainder when 4451592 is divided by 222579?
12
What is the remainder when 9882935 is divided by 56?
55
What is the remainder when 212665 is divided by 1890?
985
What is the remainder when 76674407 is divided by 230?
227
Calculate the remainder when 12558671 is divided by 22.
15
Calculate the remainder when 2734859 is divided by 341854.
27
What is the remainder when 4817 is divided by 226?
71
What is the remainder when 352434 is divided by 1043?
943
Calculate the remainder when 154539 is divided by 209.
88
What is the remainder when 70170 is divided by 23339?
153
What is the remainder when 781613 is divided by 817?
561
What is the remainder when 42672 is divided by 1467?
129
Calculate the remainder when 407434 is divided by 68.
46
Calculate the remainder when 91630661 is divided by 2863458.
5
What is the remainder when 14004363 is divided by 134?
23
Calculate the remainder when 28655626 is divided by 4429.
4425
Calculate the remainder when 11393885 is divided by 62.
21
Calculate the remainder when 238514 is divided by 227.
164
What is the remainder when 18411723 is divided by 99?
0
What is the remainder when 71149 is divided by 4172?
225
Calculate the remainder when 650792 is divided by 485.
407
What is the remainder when 115884 is divided by 2525?
2259
Calculate the remainder when 9691341 is divided by 558.
555
What is the remainder when 233531171 is divided by 1718?
1713
What is the remainder when 3151787 is divided by 927?
914
Calculate the remainder when 207946 is divided by 2735.
86
Calculate the remainder when 98413236 is divided by 32804411.
3
What is the remainder when 141588 is divided by 69588?
2412
Calculate the remainder when 390031014 is divided by 27.
3
What is the remainder when 80308 is divided by 80099?
209
What is the remainder when 260844 is divided by 130417?
10
Calculate the remainder when 6478255 is divided by 705.
10
Calculate the remainder when 7196 is divided by 1429.
51
Calculate the remainder when 69197 is divided by 5302.
271
Calculate the remainder when 628250 is divided by 197.
17
What is the remainder when 1368 is divided by 201?
162
What is the remainder when 2833516 is divided by 944448?
172
Calculate the remainder when 5087537 is divided by 847921.
11
Calculate the remainder when 1529088 is divided by 384.
0
What is the remainder when 1317403 is divided by 3015?
2863
Calculate the remainder when 22109310 is divided by 38.
36
What is the remainder when 22990133 is divided by 752?
741
What is the remainder when 3204107 is divided by 457547?
1278
Calculate the remainder when 1159982 is divided by 142.
126
What is the remainder when 25321443 is divided by 60433?
16
What is the remainder when 10407840 is divided by 249?
138
Calculate the remainder when 69561307 is divided by 4945.
4937
Calculate the remainder when 188441 is divided by 8754.
4607
What is the remainder when 12127 is divided by 739?
303
What is the remainder when 177783 is divided by 88346?
1091
Calculate the remainder when 33451466 is divided by 4459.
48
Calculate the remainder when 427880 is divided by 1033.
218
Calculate the remainder when 1863338 is divided by 51748.
410
Calculate the remainder when 115709 is divided by 7186.
733
What is the remainder when 334271 is divided by 126?
119
Calculate the remainder when 57956926 is divided by 1264.
1262
Calculate the remainder when 4932806 is divided by 1503.
1463
Calculate the remainder when 880813 is divided by 6383.
6342
Calculate the remainder when 25935 is divided by 6316.
671
What is the remainder when 597286 is divided by 4091?
0
What is the remainder when 521459 is divided by 16821?
8
What is the remainder when 547538863 is divided by 355?
353
Calculate the remainder when 64570 is divided by 16126.
66
Calculate the remainder when 20503737 is divided by 6137.
20
What is the remainder when 325648 is divided by 325636?
12
Calculate the remainder when 70673 is divided by 566.
489
What is the remainder when 4193397 is divided by 465933?
0
Calculate the remainder when 436563845 is divided by 6.
5
Calculate the remainder when 287491 is divided by 134.
61
Calculate the remainder when 1376277 is divided by 1027.
97
What is the remainder when 7239657 is divided by 6018?
3
What is the remainder when 247025 is divided by 988?
25
Calculate the remainder when 4450751 is divided by 202306.
19
What is the remainder when 53068 is divided by 377?
288
Calculate the remainder when 7532 is divided by 1544.
1356
What is the remainder when 1046947 is divided by 5774?
1853
Calculate the remainder when 2557404 is divided by 52181.
535
Calculate the remainder when 355017416 is divided by 2070.
2066
What is the remainder when 8427232 is divided by 398?
378
What is the remainder when 695367 is divided by 1781?
777
Calculate the remainder when 677798 is divided by 648.
638
What is the remainder when 6254078 is divided by 9726?
260
Calculate the remainder when 16241 is divided by 8093.
55
What is the remainder when 10098 is divided by 7566?
2532
What is the remainder when 423254 is divided by 60462?
20
Calculate the remainder when 1836795 is divided by 2436.
51
Calculate the remainder when 529661 is divided by 239.
37
What is the remainder when 7034 is divided by 15?
14
Calculate the remainder when 16038939 is divided by 185.
179
Calculate the remainder when 800795 is divided by 1711.
47
Calculate the remainder when 28899776 is divided by 25174.
24
What is the remainder when 14769446 is divided by 2854?
2850
Calculate the remainder when 843319 is divided by 145.
144
Calculate the remainder when 3486516 is divided by 205089.
3
What is the remainder when 88976 is divided by 2870?
6
What is the remainder when 40643016 is divided by 1647?
1644
Calculate the remainder when 70318543 is divided by 2805.
2803
Calculate the remainder when 1049779 is divided by 12066.
37
What is the remainder when 788573 is divided by 411?
275
What is the remainder when 2220481 is divided by 344?
305
What is the remainder when 953874786 is divided by 21?
18
Calculate the remainder when 145316452 is divided by 6318106.
14
Calculate the remainder when 647175 is divided by 97.
88
Calculate the remainder when 62630359 is divided by 18233.
4
What is the remainder when 4715 is divided by 277?
6
What is the remainder when 5867237 is divided by 3642?
3617
What is the remainde